List the prime factors of 6634546.
2, 3317273
What are the prime factors of 3959673?
3, 151, 8741
List the prime factors of 433671.
3, 7, 107, 193
What are the prime factors of 7922600?
2, 5, 7, 5659
List the prime factors of 2053849.
7, 59, 4973
List the prime factors of 219960.
2, 3, 5, 13, 47
What are the prime factors of 394573?
19, 1093
What are the prime factors of 270748?
2, 113, 599
What are the prime factors of 1948214?
2, 974107
What are the prime factors of 292464?
2, 3, 677
What are the prime factors of 213600?
2, 3, 5, 89
What are the prime factors of 7527131?
653, 11527
What are the prime factors of 224654?
2, 112327
What are the prime factors of 103120?
2, 5, 1289
List the prime factors of 354445.
5, 7, 13, 19, 41
List the prime factors of 218605.
5, 43721
What are the prime factors of 79463?
229, 347
List the prime factors of 8671221.
3, 13, 5701
What are the prime factors of 1413404?
2, 53, 59, 113
List the prime factors of 1471221.
3, 163469
What are the prime factors of 5539530?
2, 3, 5, 184651
List the prime factors of 47687.
43, 1109
List the prime factors of 6471742.
2, 19, 73, 2333
What are the prime factors of 3720340?
2, 5, 13, 41, 349
List the prime factors of 2487894.
2, 3, 43, 9643
List the prime factors of 101166.
2, 3, 13, 1297
List the prime factors of 628488.
2, 3, 7, 29, 43
What are the prime factors of 19437677?
7, 43, 64577
What are the prime factors of 339692?
2, 163, 521
List the prime factors of 1036183.
1036183
What are the prime factors of 1839469?
1839469
What are the prime factors of 306058?
2, 137, 1117
What are the prime factors of 1061276?
2, 17, 15607
List the prime factors of 226779.
3, 7, 10799
List the prime factors of 632780.
2, 5, 29, 1091
List the prime factors of 122668.
2, 7, 13, 337
List the prime factors of 1380203.
11, 271, 463
What are the prime factors of 6921048?
2, 3, 283, 1019
List the prime factors of 71943.
3, 23981
List the prime factors of 14494672.
2, 905917
What are the prime factors of 332689?
7, 47527
What are the prime factors of 8003427?
3, 19, 140411
What are the prime factors of 1988305?
5, 11, 36151
List the prime factors of 7811.
73, 107
List the prime factors of 735680.
2, 5, 11, 19
List the prime factors of 11715.
3, 5, 11, 71
What are the prime factors of 826250?
2, 5, 661
List the prime factors of 1205836.
2, 301459
What are the prime factors of 10757979?
3, 97, 12323
List the prime factors of 80652.
2, 3, 11, 13, 47
List the prime factors of 4353556.
2, 1088389
What are the prime factors of 16782332?
2, 7, 17, 35257
List the prime factors of 164258.
2, 82129
What are the prime factors of 1339117?
13, 239, 431
What are the prime factors of 4202796?
2, 3, 13, 29, 929
List the prime factors of 10411510.
2, 5, 1041151
List the prime factors of 550446.
2, 3, 13, 7057
What are the prime factors of 1036965?
3, 5, 73, 947
What are the prime factors of 112336?
2, 7, 17, 59
What are the prime factors of 69528?
2, 3, 2897
What are the prime factors of 289084?
2, 72271
List the prime factors of 26469.
3, 17, 173
What are the prime factors of 1241082?
2, 3, 47, 163
List the prime factors of 5023911.
3, 1674637
List the prime factors of 2874658.
2, 1437329
List the prime factors of 2595770.
2, 5, 259577
What are the prime factors of 137133?
3, 1693
List the prime factors of 2843586.
2, 3, 5851
What are the prime factors of 10188898?
2, 89, 57241
What are the prime factors of 9506468?
2, 17, 139801
List the prime factors of 20044388.
2, 7, 13, 53, 1039
What are the prime factors of 1329267?
3, 443089
What are the prime factors of 404748?
2, 3, 11243
What are the prime factors of 15930975?
3, 5, 311, 683
What are the prime factors of 870668?
2, 217667
What are the prime factors of 20063?
20063
What are the prime factors of 23707116?
2, 3, 211, 3121
What are the prime factors of 405465?
3, 5, 27031
What are the prime factors of 987621?
3, 329207
List the prime factors of 389120.
2, 5, 19
List the prime factors of 308901.
3, 102967
List the prime factors of 6688.
2, 11, 19
List the prime factors of 130574.
2, 65287
What are the prime factors of 42925?
5, 17, 101
What are the prime factors of 110612?
2, 27653
List the prime factors of 4820308.
2, 83, 14519
What are the prime factors of 1131454?
2, 565727
List the prime factors of 20890746.
2, 3, 1160597
What are the prime factors of 196429?
196429
What are the prime factors of 1791337?
43, 41659
What are the prime factors of 510738?
2, 3, 23, 3701
List the prime factors of 3993665.
5, 13, 61441
List the prime factors of 1501635.
3, 5, 100109
List the prime factors of 4885959.
3, 13, 23, 419
List the prime factors of 291961.
41, 7121
What are the prime factors of 1401877?
19, 73783
What are the prime factors of 6657504?
2, 3, 7, 9907
What are the prime factors of 168812?
2, 7, 6029
List the prime factors of 1746073.
7, 249439
What are the prime factors of 43031?
37, 1163
What are the prime factors of 353086?
2, 53, 3331
List the prime factors of 3597923.
7, 101, 727
What are the prime factors of 26223657?
3, 23, 389, 977
What are the prime factors of 1410344?
2, 13, 71, 191
What are the prime factors of 71379?
3, 7, 11, 103
What are the prime factors of 49400?
2, 5, 13, 19
List the prime factors of 6316707.
3, 17, 211, 587
What are the prime factors of 267091?
11, 24281
List the prime factors of 2301400.
2, 5, 37, 311
What are the prime factors of 9650916?
2, 3, 11, 24371
What are the prime factors of 10047551?
97, 103583
What are the prime factors of 1204179?
3, 401393
List the prime factors of 11354149.
137, 179, 463
List the prime factors of 14269.
19, 751
List the prime factors of 348284.
2, 87071
List the prime factors of 437608.
2, 19, 2879
List the prime factors of 826951.
397, 2083
What are the prime factors of 40546329?
3, 863, 15661
What are the prime factors of 79101?
3, 11, 17, 47
What are the prime factors of 328819?
37, 8887
What are the prime factors of 23781289?
7, 3397327
List the prime factors of 10963938.
2, 3, 103, 113, 157
List the prime factors of 7000321.
47, 3169
List the prime factors of 476615.
5, 19, 29, 173
What are the prime factors of 172791?
3, 73, 263
List the prime factors of 4188857.
4188857
List the prime factors of 206673.
3, 68891
What are the prime factors of 24067092?
2, 3, 7, 286513
List the prime factors of 139389.
3, 97, 479
List the prime factors of 5882009.
7, 120041
List the prime factors of 382950.
2, 3, 5, 23, 37
What are the prime factors of 5246939?
47, 111637
What are the prime factors of 1598297?
499, 3203
What are the prime factors of 342038?
2, 19, 9001
List the prime factors of 4227423.
3, 23, 197, 311
What are the prime factors of 735135?
3, 5, 49009
List the prime factors of 157840.
2, 5, 1973
List the prime factors of 2020683.
3, 7, 96223
What are the prime factors of 249101?
17, 14653
List the prime factors of 1418729.
13, 109133
What are the prime factors of 299791?
349, 859
What are the prime factors of 269575?
5, 41, 263
What are the prime factors of 295703?
295703
What are the prime factors of 8365900?
2, 5, 269, 311
List the prime factors of 658483.
7, 19, 4951
List the prime factors of 156828.
2, 3, 7, 1867
List the prime factors of 14851891.
14851891
List the prime factors of 351715.
5, 7, 13, 773
List the prime factors of 177631.
19, 9349
What are the prime factors of 4498132?
2, 17, 29, 2281
List the prime factors of 3059991.
3, 11, 10303
List the prime factors of 1712760.
2, 3, 5, 7, 2039
What are the prime factors of 4608816?
2, 3, 96017
List the prime factors of 1200041.
31, 38711
What are the prime factors of 751981?
41, 18341
What are the prime factors of 267370?
2, 5, 26737
List the prime factors of 664995.
3, 5, 43, 1031
List the prime factors of 264183.
3, 107, 823
What are the prime factors of 461280?
2, 3, 5, 31
List the prime factors of 190446.
2, 3, 31741
List the prime factors of 168386.
2, 59, 1427
What are the prime factors of 287480?
2, 5, 7187
List the prime factors of 230640.
2, 3, 5, 31
What are the prime factors of 334698?
2, 3, 7, 13, 613
List the prime factors of 18817619.
19, 227, 4363
List the prime factors of 2525222.
2, 7, 317, 569
List the prime factors of 9183162.
2, 3, 17, 90031
What are the prime factors of 111033?
3, 13, 73
List the